{"id":2,"date":"2014-03-16T10:34:09","date_gmt":"2014-03-16T09:34:09","guid":{"rendered":"http:\/\/leroy-et-fils.fr\/leroy-et-fils-3\/\/?page_id=2"},"modified":"2026-01-16T09:03:42","modified_gmt":"2026-01-16T08:03:42","slug":"debarras-bayonne","status":"publish","type":"page","link":"https:\/\/leroy-et-fils.fr\/debarras\/","title":{"rendered":"D\u00e9barras"},"content":{"rendered":"\t\t<div data-elementor-type=\"wp-page\" data-elementor-id=\"2\" class=\"elementor elementor-2\">\n\t\t\t\t\t\t<section class=\"elementor-section elementor-top-section elementor-element elementor-element-f906edb elementor-section-boxed elementor-section-height-default elementor-section-height-default\" data-id=\"f906edb\" data-element_type=\"section\" data-e-type=\"section\">\n\t\t\t\t\t\t<div class=\"elementor-container elementor-column-gap-default\">\n\t\t\t\t\t<div class=\"elementor-column elementor-col-100 elementor-top-column elementor-element elementor-element-187a3717\" data-id=\"187a3717\" data-element_type=\"column\" data-e-type=\"column\">\n\t\t\t<div class=\"elementor-widget-wrap elementor-element-populated\">\n\t\t\t\t\t\t<div class=\"elementor-element elementor-element-1d6914ba elementor-widget elementor-widget-text-editor\" data-id=\"1d6914ba\" data-element_type=\"widget\" data-e-type=\"widget\" data-widget_type=\"text-editor.default\">\n\t\t\t\t<div class=\"elementor-widget-container\">\n\t\t\t\t\t\t\t\t\t<h1 style=\"text-align: center;\"><span style=\"color: #000000;\">Forfait D\u00e9barras \u00e0 80 Euros<\/span><\/h1><h5 style=\"text-align: center;\"><span style=\"color: #000000;\">Cette prestation comprend :<\/span><\/h5><h5 style=\"text-align: center;\">\u2713 2 m\u00b3<\/h5><h5 style=\"text-align: center;\"><span style=\"color: #000000;\">\u2713 frais de d\u00e9placement<\/span><\/h5><h5 style=\"text-align: center;\"><span style=\"color: #000000;\">\u2713 frais de d\u00e9chetterie<\/span><\/h5><h5 style=\"text-align: center;\">\u00a0<\/h5><h5>Qualifi\u00e9s, <strong>dynamiques<\/strong>\u00a0et\u00a0enthousiastes. Voici les atouts qui nous permettent d&#8217;\u00eatre aujourd&#8217;hui le <b>N\u00b0 1 du d\u00e9barras \u00e0 Bayonne<\/b>.<\/h5><h5><span style=\"color: #808080;\">Notre entreprise de D\u00e9barras\u00a0 est implant\u00e9e depuis 20 ans \u00e0 Bayonne et Biarritz et intervient chez vous m\u00eame le dimanche si besoin. Nous vidons:<\/span><\/h5><ul><li><h5><span style=\"color: #808080;\">Appartements<\/span><\/h5><\/li><li><h5><span style=\"color: #808080;\">Pavillons<\/span><\/h5><\/li><li><h5><span style=\"color: #808080;\">H\u00f4tels particuliers, Garages<\/span><\/h5><\/li><li><h5><span style=\"color: #808080;\">Boxes<\/span><\/h5><\/li><li><h5><span style=\"color: #808080;\">Parkings<\/span><\/h5><\/li><li><h5><span style=\"color: #808080;\">Caves<\/span><\/h5><\/li><li><h5><span style=\"color: #808080;\">Greniers<\/span><\/h5><\/li><li><h5><span style=\"color: #808080;\">Combles<\/span><\/h5><\/li><li><h5><span style=\"color: #808080;\">Chambres de bonnes<\/span><\/h5><\/li><li><h5><span style=\"color: #808080;\">Granges<\/span><\/h5><\/li><li><h5><span style=\"color: #808080;\">Remises,<\/span><\/h5><\/li><li><h5><span style=\"color: #808080;\">Parties communes<\/span><\/h5><\/li><li><h5><span style=\"color: #808080;\">Courettes<\/span><\/h5><\/li><\/ul><h5><span style=\"color: #808080;\">A l\u2019issue du d\u00e9barras, un\u00a0 <span style=\"color: #333333;\">nettoyage complet est r\u00e9alis\u00e9. Les encombrants sont amen\u00e9s \u00e0 la d\u00e9chetterie.\u00a0<\/span><\/span><\/h5><h2><span style=\"color: #ff0000;\">Nos conditions d\u2019interventions<\/span><\/h2><h5><span style=\"color: #999999;\">Toutes les interventions de notre entreprises se font sur devis (gratuit) qui vous est fourni avant le d\u00e9but des travaux. Les tarifs \u00e9volue en fonction fonction du volume et du temps pass\u00e9e.<\/span><\/h5><h5><a href=\"https:\/\/leroy-et-fils.fr\/bayonne\/devis-plombier\/\">Nos devis sont gratuits. Contactez Nous!<\/a><\/h5><h2><span style=\"color: #ff0000;\">Nos engagements en tant que professionnel responsable\u00a0<\/span><\/h2><ul><li><h5><span style=\"color: #999999;\">Des tarifs responsables et comp\u00e9titifs<\/span><\/h5><\/li><li><h5><span style=\"color: #999999;\">Un travail soign\u00e9 qui assurera le bon fonctionnement de vos installations dans la dur\u00e9e<\/span><\/h5><\/li><li><h5><span style=\"color: #999999;\">Un respect des d\u00e9lais d\u2019interventions<\/span><\/h5><\/li><li><h5><span style=\"color: #999999;\">Des travaux respectant les derni\u00e8res normes \u00e9nerg\u00e9tiques et environnementales.<\/span><\/h5><\/li><\/ul><h2><span style=\"color: #ff0000;\">Nos villes d&#8217;intervention sont les suivantes:<\/span><\/h2><ul><li><h5><a href=\"https:\/\/www.bayonne.fr\/\">Bayonne<\/a><\/h5><\/li><li><h5><a href=\"https:\/\/www.biarritz.fr\/\">Biarritz<\/a><\/h5><\/li><li><h5>Anglet<\/h5><\/li><li><h5>Bidart<\/h5><\/li><li><h5>Boucau<\/h5><\/li><li><h5>Arbonne<\/h5><\/li><li><h5>Guethary<\/h5><\/li><li><h5>Cuxac-d&#8217;Aude<\/h5><\/li><\/ul><h2><span style=\"color: #ff0000;\">Nos partenaires assureurs<\/span><\/h2><h5><span style=\"color: #999999;\">Nous sommes reconnus et r\u00e9f\u00e9renc\u00e9s\u00a0 par tous les assureurs.\u00a0 Ils nous font confiance pour assurer les d\u00e9barras suite \u00e0 des d\u00e9c\u00e8s, \u00e0 des successions, \u00e0 des inondations, \u00e0 des travaux&#8230;.<\/span><\/h5><p><a href=\"https:\/\/leroy-et-fils.fr\/bayonne\/wp-content\/uploads\/sites\/90\/2021\/10\/agrees-assurances-plombier-bayonne.png\"><img decoding=\"async\" class=\"size-full wp-image-327 aligncenter\" src=\"https:\/\/leroy-et-fils.fr\/bayonne\/wp-content\/uploads\/sites\/90\/2021\/10\/agrees-assurances-plombier-bayonne.png\" alt=\"\" width=\"285\" height=\"110\" \/><\/a><\/p>\t\t\t\t\t\t\t\t<\/div>\n\t\t\t\t<\/div>\n\t\t\t\t\t<\/div>\n\t\t<\/div>\n\t\t\t\t\t<\/div>\n\t\t<\/section>\n\t\t\t\t<\/div>\n\t\t","protected":false},"excerpt":{"rendered":"<p>Forfait D\u00e9barras \u00e0 80 Euros Cette prestation comprend : \u2713 2 m\u00b3 \u2713 frais de d\u00e9placement \u2713 frais de d\u00e9chetterie [&hellip;]<\/p>\n","protected":false},"author":1,"featured_media":0,"parent":0,"menu_order":0,"comment_status":"open","ping_status":"closed","template":"","meta":{"site-sidebar-layout":"default","site-content-layout":"","ast-site-content-layout":"default","site-content-style":"default","site-sidebar-style":"default","ast-global-header-display":"","ast-banner-title-visibility":"","ast-main-header-display":"","ast-hfb-above-header-display":"","ast-hfb-below-header-display":"","ast-hfb-mobile-header-display":"","site-post-title":"","ast-breadcrumbs-content":"","ast-featured-img":"","footer-sml-layout":"","theme-transparent-header-meta":"","adv-header-id-meta":"","stick-header-meta":"","header-above-stick-meta":"","header-main-stick-meta":"","header-below-stick-meta":"","astra-migrate-meta-layouts":"default","ast-page-background-enabled":"default","ast-page-background-meta":{"desktop":{"background-color":"var(--ast-global-color-5)","background-image":"","background-repeat":"repeat","background-position":"center center","background-size":"auto","background-attachment":"scroll","background-type":"","background-media":"","overlay-type":"","overlay-color":"","overlay-opacity":"","overlay-gradient":""},"tablet":{"background-color":"","background-image":"","background-repeat":"repeat","background-position":"center center","background-size":"auto","background-attachment":"scroll","background-type":"","background-media":"","overlay-type":"","overlay-color":"","overlay-opacity":"","overlay-gradient":""},"mobile":{"background-color":"","background-image":"","background-repeat":"repeat","background-position":"center center","background-size":"auto","background-attachment":"scroll","background-type":"","background-media":"","overlay-type":"","overlay-color":"","overlay-opacity":"","overlay-gradient":""}},"ast-content-background-meta":{"desktop":{"background-color":"var(--ast-global-color-4)","background-image":"","background-repeat":"repeat","background-position":"center center","background-size":"auto","background-attachment":"scroll","background-type":"","background-media":"","overlay-type":"","overlay-color":"","overlay-opacity":"","overlay-gradient":""},"tablet":{"background-color":"var(--ast-global-color-4)","background-image":"","background-repeat":"repeat","background-position":"center center","background-size":"auto","background-attachment":"scroll","background-type":"","background-media":"","overlay-type":"","overlay-color":"","overlay-opacity":"","overlay-gradient":""},"mobile":{"background-color":"var(--ast-global-color-4)","background-image":"","background-repeat":"repeat","background-position":"center center","background-size":"auto","background-attachment":"scroll","background-type":"","background-media":"","overlay-type":"","overlay-color":"","overlay-opacity":"","overlay-gradient":""}},"footnotes":""},"class_list":["post-2","page","type-page","status-publish","hentry"],"yoast_head":"<!-- This site is optimized with the Yoast SEO plugin v27.5 - https:\/\/yoast.com\/product\/yoast-seo-wordpress\/ -->\n<title>D\u00e9barras Bayonne et Biarritz 06 63 73 90 66 intervention 24h24 7j\/7<\/title>\n<meta name=\"description\" content=\"D\u00e9barras Bayonne et Biarritz et Anglet et Biarritz, intervention 24h24 7j\/7 06 63 73 90 66, D\u00e9barras garage, cave, grenier, maison\" \/>\n<meta name=\"robots\" content=\"index, follow, max-snippet:-1, max-image-preview:large, max-video-preview:-1\" \/>\n<link rel=\"canonical\" href=\"https:\/\/leroy-et-fils.fr\/debarras\/\" \/>\n<meta property=\"og:locale\" content=\"fr_FR\" \/>\n<meta property=\"og:type\" content=\"article\" \/>\n<meta property=\"og:title\" content=\"D\u00e9barras Bayonne et Biarritz 06 63 73 90 66 intervention 24h24 7j\/7\" \/>\n<meta property=\"og:description\" content=\"D\u00e9barras Bayonne et Biarritz et Anglet et Biarritz, intervention 24h24 7j\/7 06 63 73 90 66, D\u00e9barras garage, cave, grenier, maison\" \/>\n<meta property=\"og:url\" content=\"https:\/\/leroy-et-fils.fr\/debarras\/\" \/>\n<meta property=\"og:site_name\" content=\"debarras bayonne\" \/>\n<meta property=\"article:modified_time\" content=\"2026-01-16T08:03:42+00:00\" \/>\n<meta property=\"og:image\" content=\"https:\/\/leroy-et-fils.fr\/debarras\/wp-content\/uploads\/sites\/183\/2021\/10\/agrees-assurances-plombier-bayonne.png\" \/>\n\t<meta property=\"og:image:width\" content=\"285\" \/>\n\t<meta property=\"og:image:height\" content=\"110\" \/>\n\t<meta property=\"og:image:type\" content=\"image\/png\" \/>\n<meta name=\"twitter:label1\" content=\"Dur\u00e9e de lecture estim\u00e9e\" \/>\n\t<meta name=\"twitter:data1\" content=\"2 minutes\" \/>\n<script type=\"application\/ld+json\" class=\"yoast-schema-graph\">{\"@context\":\"https:\\\/\\\/schema.org\",\"@graph\":[{\"@type\":\"WebPage\",\"@id\":\"https:\\\/\\\/leroy-et-fils.fr\\\/debarras\\\/\",\"url\":\"https:\\\/\\\/leroy-et-fils.fr\\\/debarras\\\/\",\"name\":\"D\u00e9barras Bayonne et Biarritz 06 63 73 90 66 intervention 24h24 7j\\\/7\",\"isPartOf\":{\"@id\":\"https:\\\/\\\/leroy-et-fils.fr\\\/debarras\\\/#website\"},\"primaryImageOfPage\":{\"@id\":\"https:\\\/\\\/leroy-et-fils.fr\\\/debarras\\\/#primaryimage\"},\"image\":{\"@id\":\"https:\\\/\\\/leroy-et-fils.fr\\\/debarras\\\/#primaryimage\"},\"thumbnailUrl\":\"https:\\\/\\\/leroy-et-fils.fr\\\/bayonne\\\/wp-content\\\/uploads\\\/sites\\\/90\\\/2021\\\/10\\\/agrees-assurances-plombier-bayonne.png\",\"datePublished\":\"2014-03-16T09:34:09+00:00\",\"dateModified\":\"2026-01-16T08:03:42+00:00\",\"description\":\"D\u00e9barras Bayonne et Biarritz et Anglet et Biarritz, intervention 24h24 7j\\\/7 06 63 73 90 66, D\u00e9barras garage, cave, grenier, maison\",\"breadcrumb\":{\"@id\":\"https:\\\/\\\/leroy-et-fils.fr\\\/debarras\\\/#breadcrumb\"},\"inLanguage\":\"fr-FR\",\"potentialAction\":[{\"@type\":\"ReadAction\",\"target\":[\"https:\\\/\\\/leroy-et-fils.fr\\\/debarras\\\/\"]}]},{\"@type\":\"ImageObject\",\"inLanguage\":\"fr-FR\",\"@id\":\"https:\\\/\\\/leroy-et-fils.fr\\\/debarras\\\/#primaryimage\",\"url\":\"https:\\\/\\\/leroy-et-fils.fr\\\/bayonne\\\/wp-content\\\/uploads\\\/sites\\\/90\\\/2021\\\/10\\\/agrees-assurances-plombier-bayonne.png\",\"contentUrl\":\"https:\\\/\\\/leroy-et-fils.fr\\\/bayonne\\\/wp-content\\\/uploads\\\/sites\\\/90\\\/2021\\\/10\\\/agrees-assurances-plombier-bayonne.png\"},{\"@type\":\"BreadcrumbList\",\"@id\":\"https:\\\/\\\/leroy-et-fils.fr\\\/debarras\\\/#breadcrumb\",\"itemListElement\":[{\"@type\":\"ListItem\",\"position\":1,\"name\":\"Accueil\",\"item\":\"https:\\\/\\\/leroy-et-fils.fr\\\/debarras\\\/\"},{\"@type\":\"ListItem\",\"position\":2,\"name\":\"D\u00e9barras\"}]},{\"@type\":\"WebSite\",\"@id\":\"https:\\\/\\\/leroy-et-fils.fr\\\/debarras\\\/#website\",\"url\":\"https:\\\/\\\/leroy-et-fils.fr\\\/debarras\\\/\",\"name\":\"debarras bayonne\",\"description\":\"\",\"publisher\":{\"@id\":\"https:\\\/\\\/leroy-et-fils.fr\\\/debarras\\\/#organization\"},\"potentialAction\":[{\"@type\":\"SearchAction\",\"target\":{\"@type\":\"EntryPoint\",\"urlTemplate\":\"https:\\\/\\\/leroy-et-fils.fr\\\/debarras\\\/?s={search_term_string}\"},\"query-input\":{\"@type\":\"PropertyValueSpecification\",\"valueRequired\":true,\"valueName\":\"search_term_string\"}}],\"inLanguage\":\"fr-FR\"},{\"@type\":\"Organization\",\"@id\":\"https:\\\/\\\/leroy-et-fils.fr\\\/debarras\\\/#organization\",\"name\":\"Leroy et Fils Plombier Bayonne\",\"url\":\"https:\\\/\\\/leroy-et-fils.fr\\\/debarras\\\/\",\"logo\":{\"@type\":\"ImageObject\",\"inLanguage\":\"fr-FR\",\"@id\":\"https:\\\/\\\/leroy-et-fils.fr\\\/debarras\\\/#\\\/schema\\\/logo\\\/image\\\/\",\"url\":\"https:\\\/\\\/leroy-et-fils.fr\\\/debarras\\\/wp-content\\\/uploads\\\/sites\\\/183\\\/2021\\\/01\\\/leroyetfils-logo.png\",\"contentUrl\":\"https:\\\/\\\/leroy-et-fils.fr\\\/debarras\\\/wp-content\\\/uploads\\\/sites\\\/183\\\/2021\\\/01\\\/leroyetfils-logo.png\",\"width\":500,\"height\":113,\"caption\":\"Leroy et Fils Plombier Bayonne\"},\"image\":{\"@id\":\"https:\\\/\\\/leroy-et-fils.fr\\\/debarras\\\/#\\\/schema\\\/logo\\\/image\\\/\"}}]}<\/script>\n<!-- \/ Yoast SEO plugin. -->","yoast_head_json":{"title":"D\u00e9barras Bayonne et Biarritz 06 63 73 90 66 intervention 24h24 7j\/7","description":"D\u00e9barras Bayonne et Biarritz et Anglet et Biarritz, intervention 24h24 7j\/7 06 63 73 90 66, D\u00e9barras garage, cave, grenier, maison","robots":{"index":"index","follow":"follow","max-snippet":"max-snippet:-1","max-image-preview":"max-image-preview:large","max-video-preview":"max-video-preview:-1"},"canonical":"https:\/\/leroy-et-fils.fr\/debarras\/","og_locale":"fr_FR","og_type":"article","og_title":"D\u00e9barras Bayonne et Biarritz 06 63 73 90 66 intervention 24h24 7j\/7","og_description":"D\u00e9barras Bayonne et Biarritz et Anglet et Biarritz, intervention 24h24 7j\/7 06 63 73 90 66, D\u00e9barras garage, cave, grenier, maison","og_url":"https:\/\/leroy-et-fils.fr\/debarras\/","og_site_name":"debarras bayonne","article_modified_time":"2026-01-16T08:03:42+00:00","og_image":[{"width":285,"height":110,"url":"https:\/\/leroy-et-fils.fr\/debarras\/wp-content\/uploads\/sites\/183\/2021\/10\/agrees-assurances-plombier-bayonne.png","type":"image\/png"}],"twitter_misc":{"Dur\u00e9e de lecture estim\u00e9e":"2 minutes"},"schema":{"@context":"https:\/\/schema.org","@graph":[{"@type":"WebPage","@id":"https:\/\/leroy-et-fils.fr\/debarras\/","url":"https:\/\/leroy-et-fils.fr\/debarras\/","name":"D\u00e9barras Bayonne et Biarritz 06 63 73 90 66 intervention 24h24 7j\/7","isPartOf":{"@id":"https:\/\/leroy-et-fils.fr\/debarras\/#website"},"primaryImageOfPage":{"@id":"https:\/\/leroy-et-fils.fr\/debarras\/#primaryimage"},"image":{"@id":"https:\/\/leroy-et-fils.fr\/debarras\/#primaryimage"},"thumbnailUrl":"https:\/\/leroy-et-fils.fr\/bayonne\/wp-content\/uploads\/sites\/90\/2021\/10\/agrees-assurances-plombier-bayonne.png","datePublished":"2014-03-16T09:34:09+00:00","dateModified":"2026-01-16T08:03:42+00:00","description":"D\u00e9barras Bayonne et Biarritz et Anglet et Biarritz, intervention 24h24 7j\/7 06 63 73 90 66, D\u00e9barras garage, cave, grenier, maison","breadcrumb":{"@id":"https:\/\/leroy-et-fils.fr\/debarras\/#breadcrumb"},"inLanguage":"fr-FR","potentialAction":[{"@type":"ReadAction","target":["https:\/\/leroy-et-fils.fr\/debarras\/"]}]},{"@type":"ImageObject","inLanguage":"fr-FR","@id":"https:\/\/leroy-et-fils.fr\/debarras\/#primaryimage","url":"https:\/\/leroy-et-fils.fr\/bayonne\/wp-content\/uploads\/sites\/90\/2021\/10\/agrees-assurances-plombier-bayonne.png","contentUrl":"https:\/\/leroy-et-fils.fr\/bayonne\/wp-content\/uploads\/sites\/90\/2021\/10\/agrees-assurances-plombier-bayonne.png"},{"@type":"BreadcrumbList","@id":"https:\/\/leroy-et-fils.fr\/debarras\/#breadcrumb","itemListElement":[{"@type":"ListItem","position":1,"name":"Accueil","item":"https:\/\/leroy-et-fils.fr\/debarras\/"},{"@type":"ListItem","position":2,"name":"D\u00e9barras"}]},{"@type":"WebSite","@id":"https:\/\/leroy-et-fils.fr\/debarras\/#website","url":"https:\/\/leroy-et-fils.fr\/debarras\/","name":"debarras bayonne","description":"","publisher":{"@id":"https:\/\/leroy-et-fils.fr\/debarras\/#organization"},"potentialAction":[{"@type":"SearchAction","target":{"@type":"EntryPoint","urlTemplate":"https:\/\/leroy-et-fils.fr\/debarras\/?s={search_term_string}"},"query-input":{"@type":"PropertyValueSpecification","valueRequired":true,"valueName":"search_term_string"}}],"inLanguage":"fr-FR"},{"@type":"Organization","@id":"https:\/\/leroy-et-fils.fr\/debarras\/#organization","name":"Leroy et Fils Plombier Bayonne","url":"https:\/\/leroy-et-fils.fr\/debarras\/","logo":{"@type":"ImageObject","inLanguage":"fr-FR","@id":"https:\/\/leroy-et-fils.fr\/debarras\/#\/schema\/logo\/image\/","url":"https:\/\/leroy-et-fils.fr\/debarras\/wp-content\/uploads\/sites\/183\/2021\/01\/leroyetfils-logo.png","contentUrl":"https:\/\/leroy-et-fils.fr\/debarras\/wp-content\/uploads\/sites\/183\/2021\/01\/leroyetfils-logo.png","width":500,"height":113,"caption":"Leroy et Fils Plombier Bayonne"},"image":{"@id":"https:\/\/leroy-et-fils.fr\/debarras\/#\/schema\/logo\/image\/"}}]}},"_links":{"self":[{"href":"https:\/\/leroy-et-fils.fr\/debarras\/wp-json\/wp\/v2\/pages\/2","targetHints":{"allow":["GET"]}}],"collection":[{"href":"https:\/\/leroy-et-fils.fr\/debarras\/wp-json\/wp\/v2\/pages"}],"about":[{"href":"https:\/\/leroy-et-fils.fr\/debarras\/wp-json\/wp\/v2\/types\/page"}],"author":[{"embeddable":true,"href":"https:\/\/leroy-et-fils.fr\/debarras\/wp-json\/wp\/v2\/users\/1"}],"replies":[{"embeddable":true,"href":"https:\/\/leroy-et-fils.fr\/debarras\/wp-json\/wp\/v2\/comments?post=2"}],"version-history":[{"count":112,"href":"https:\/\/leroy-et-fils.fr\/debarras\/wp-json\/wp\/v2\/pages\/2\/revisions"}],"predecessor-version":[{"id":433,"href":"https:\/\/leroy-et-fils.fr\/debarras\/wp-json\/wp\/v2\/pages\/2\/revisions\/433"}],"wp:attachment":[{"href":"https:\/\/leroy-et-fils.fr\/debarras\/wp-json\/wp\/v2\/media?parent=2"}],"curies":[{"name":"wp","href":"https:\/\/api.w.org\/{rel}","templated":true}]}}