{"id":320,"date":"2017-10-30T21:15:43","date_gmt":"2017-10-30T20:15:43","guid":{"rendered":"http:\/\/leroy-et-fils.fr\/deppannageplomberie49\/?page_id=320"},"modified":"2020-09-25T18:36:21","modified_gmt":"2020-09-25T16:36:21","slug":"nous-contacter","status":"publish","type":"page","link":"https:\/\/leroy-et-fils.fr\/couvreurdijon\/nous-contacter\/","title":{"rendered":"Nous Contacter"},"content":{"rendered":"<p>[av_textblock ]<\/p>\n<h1>DKB Contact<\/h1>\n<h1><\/h1>\n<p><a href=\"tel:+33663739066\"><br \/>\n<img decoding=\"async\" class=\"size-full wp-image-401 aligncenter\" src=\"http:\/\/leroy-et-fils.fr\/couvreurdijon\/wp-content\/uploads\/sites\/172\/2016\/07\/serruriertourstelephone2.png\" alt=\"\" width=\"423\" height=\"55\" srcset=\"https:\/\/leroy-et-fils.fr\/couvreurdijon\/wp-content\/uploads\/sites\/172\/2016\/07\/serruriertourstelephone2.png 423w, https:\/\/leroy-et-fils.fr\/couvreurdijon\/wp-content\/uploads\/sites\/172\/2016\/07\/serruriertourstelephone2-300x39.png 300w\" sizes=\"(max-width: 423px) 100vw, 423px\" \/><\/a><\/p>\n<p>Entreprise de Plomberie et d&#8217;Electricit\u00e9 g\u00e9n\u00e9rale<\/p>\n<p>2 avenue du Mar\u00e9chal Fosch<\/p>\n<p>Dijon, 21 000<\/p>\n<p>Siret: <span style=\"color: #0066cc;\"><u>8<\/u><u>1339813800012<\/u><\/span><br \/>\n<u> <\/u><\/p>\n<p><strong><br \/>\nVoici quelques sites ou nous sommes r\u00e9f\u00e9renc\u00e9s<\/strong><\/p>\n<p><a href=\"https:\/\/www.pagesjaunes.fr\/pros\/57769586\" target=\"_blank\" rel=\"noopener\"><span style=\"color: #000000;\">Page jaunes<\/span><\/a><br \/>\n<a href=\"https:\/\/www.societe.com\/societe\/dtdm-813398138.html\" target=\"_blank\" rel=\"noopener\"><span style=\"color: #000000;\">Soci\u00e9t\u00e9.com<\/span><\/a><br \/>\n<a href=\"https:\/\/fr.mappy.com\/poi\/5a9cdd560351d10bafeab299#\/1\/M2\/TGeoentity\/F5a9cdd560351d10bafeab299\/N151.12061,6.11309,5.03132,47.3237\/Z15\/\" target=\"_blank\" rel=\"noopener\"><span style=\"color: #000000;\">Mappy<\/span><\/a><\/p>\n<p><iframe style=\"border: 0px currentColor;\" src=\"https:\/\/www.google.com\/maps\/embed?pb=!1m18!1m12!1m3!1d2704.518505825138!2d5.029060451380974!3d47.323744215365295!2m3!1f0!2f0!3f0!3m2!1i1024!2i768!4f13.1!3m3!1m2!1s0x47f29d9499402da5%3A0x605965119233c61d!2s2+Avenue+Mar%C3%A9chal+Foch%2C+21000+Dijon!5e0!3m2!1sfr!2sfr!4v1527244319158\" width=\"1000\" height=\"300\" frameborder=\"0\" allowfullscreen=\"allowfullscreen\"><\/iframe><\/p>\n<h1>Demandez votre devis gratuit<\/h1>\n<p>Il vous suffit de nous appeler au 06 63 73 90 66 ou de compl\u00e9ter le formulaire ci-dessous.<\/p>\n<p>\n<div class=\"wpcf7 no-js\" id=\"wpcf7-f180-o1\" lang=\"fr-FR\" dir=\"ltr\">\n<div class=\"screen-reader-response\"><p role=\"status\" aria-live=\"polite\" aria-atomic=\"true\"><\/p> <ul><\/ul><\/div>\n<form action=\"\/couvreurdijon\/wp-json\/wp\/v2\/pages\/320#wpcf7-f180-o1\" method=\"post\" class=\"wpcf7-form init\" aria-label=\"Formulaire de contact\" novalidate=\"novalidate\" data-status=\"init\">\n<div style=\"display: none;\">\n<input type=\"hidden\" name=\"_wpcf7\" value=\"180\" \/>\n<input type=\"hidden\" name=\"_wpcf7_version\" value=\"5.7.5.1\" \/>\n<input type=\"hidden\" name=\"_wpcf7_locale\" value=\"fr_FR\" \/>\n<input type=\"hidden\" name=\"_wpcf7_unit_tag\" value=\"wpcf7-f180-o1\" \/>\n<input type=\"hidden\" name=\"_wpcf7_container_post\" value=\"0\" \/>\n<input type=\"hidden\" name=\"_wpcf7_posted_data_hash\" value=\"\" \/>\n<\/div>\n<p>Votre nom (obligatoire)\n<\/p>\n<p><span class=\"wpcf7-form-control-wrap\" data-name=\"your-name\"><input size=\"40\" class=\"wpcf7-form-control wpcf7-text wpcf7-validates-as-required\" aria-required=\"true\" aria-invalid=\"false\" value=\"\" type=\"text\" name=\"your-name\" \/><\/span>\n<\/p>\n<p>Votre email (obligatoire)\n<\/p>\n<p><span class=\"wpcf7-form-control-wrap\" data-name=\"your-email\"><input size=\"40\" class=\"wpcf7-form-control wpcf7-text wpcf7-email wpcf7-validates-as-required wpcf7-validates-as-email\" aria-required=\"true\" aria-invalid=\"false\" value=\"\" type=\"email\" name=\"your-email\" \/><\/span>\n<\/p>\n<p>Sujet\n<\/p>\n<p><span class=\"wpcf7-form-control-wrap\" data-name=\"your-subject\"><input size=\"40\" class=\"wpcf7-form-control wpcf7-text wpcf7-validates-as-required\" aria-required=\"true\" aria-invalid=\"false\" value=\"\" type=\"text\" name=\"your-subject\" \/><\/span>\n<\/p>\n<p>Votre message\n<\/p>\n<p><span class=\"wpcf7-form-control-wrap\" data-name=\"your-message\"><textarea cols=\"40\" rows=\"10\" class=\"wpcf7-form-control wpcf7-textarea wpcf7-validates-as-required\" aria-required=\"true\" aria-invalid=\"false\" name=\"your-message\"><\/textarea><\/span>\n<\/p>\n<p>Fichier pour aper\u00e7u\n<\/p>\n<p><span class=\"wpcf7-form-control-wrap\" data-name=\"file-661\"><input size=\"40\" class=\"wpcf7-form-control wpcf7-file\" accept=\".jpg,.png\" aria-invalid=\"false\" type=\"file\" name=\"file-661\" \/><\/span>\n<\/p>\n<p><button class=\"wpcf7-form-control has-spinner et_pb_button et_pb_bg_layout_light wpcf7-submit\" type=\"submit\" value=\"Envoyer\">Envoyer<\/button>\n<\/p><div class=\"wpcf7-response-output\" aria-hidden=\"true\"><\/div>\n<\/form>\n<\/div>\n<br \/>\n[\/av_textblock]<\/p>\n<p>[av_one_full first][\/av_one_full]<\/p>\n<p>[av_one_full first][\/av_one_full]<\/p>\n<p>[av_section color=&#8217;main_color&#8217; custom_bg=&#8221; src=&#8221; attach=&#8217;scroll&#8217; position=&#8217;top left&#8217; repeat=&#8217;no-repeat&#8217; video=&#8221; video_ratio=&#8217;16:9&#8242; video_mobile_disabled=&#8221; min_height=&#8221; padding=&#8217;default&#8217; shadow=&#8217;no-shadow&#8217; id=&#8221;][\/av_section]<\/p>\n<p>[av_one_half first][\/av_one_half]<\/p>\n<p>[av_image src=&#8217;http:\/\/leroy-et-fils.fr\/couvreurdijon\/wp-content\/themes\/enfold\/config-templatebuilder\/avia-template-builder\/images\/placeholder.jpg&#8217; align=&#8217;center&#8217; animation=&#8217;no-animation&#8217; link=&#8221; target=&#8221; styling=&#8221; caption=&#8221; font_size=&#8221; appearance=&#8221;][\/av_image]<\/p>\n","protected":false},"excerpt":{"rendered":"<p>[av_textblock ] DKB Contact Entreprise de Plomberie et d&#8217;Electricit\u00e9 g\u00e9n\u00e9rale 2 avenue du Mar\u00e9chal Fosch Dijon, 21 000 Siret: 81339813800012 [&hellip;]<\/p>\n","protected":false},"author":1,"featured_media":0,"parent":0,"menu_order":0,"comment_status":"closed","ping_status":"closed","template":"","meta":{"site-sidebar-layout":"default","site-content-layout":"","ast-site-content-layout":"default","site-content-style":"default","site-sidebar-style":"default","ast-global-header-display":"","ast-banner-title-visibility":"","ast-main-header-display":"","ast-hfb-above-header-display":"","ast-hfb-below-header-display":"","ast-hfb-mobile-header-display":"","site-post-title":"","ast-breadcrumbs-content":"","ast-featured-img":"","footer-sml-layout":"","theme-transparent-header-meta":"","adv-header-id-meta":"","stick-header-meta":"","header-above-stick-meta":"","header-main-stick-meta":"","header-below-stick-meta":"","astra-migrate-meta-layouts":"default","ast-page-background-enabled":"default","ast-page-background-meta":{"desktop":{"background-color":"var(--ast-global-color-5)","background-image":"","background-repeat":"repeat","background-position":"center center","background-size":"auto","background-attachment":"scroll","background-type":"","background-media":"","overlay-type":"","overlay-color":"","overlay-opacity":"","overlay-gradient":""},"tablet":{"background-color":"","background-image":"","background-repeat":"repeat","background-position":"center center","background-size":"auto","background-attachment":"scroll","background-type":"","background-media":"","overlay-type":"","overlay-color":"","overlay-opacity":"","overlay-gradient":""},"mobile":{"background-color":"","background-image":"","background-repeat":"repeat","background-position":"center center","background-size":"auto","background-attachment":"scroll","background-type":"","background-media":"","overlay-type":"","overlay-color":"","overlay-opacity":"","overlay-gradient":""}},"ast-content-background-meta":{"desktop":{"background-color":"var(--ast-global-color-4)","background-image":"","background-repeat":"repeat","background-position":"center center","background-size":"auto","background-attachment":"scroll","background-type":"","background-media":"","overlay-type":"","overlay-color":"","overlay-opacity":"","overlay-gradient":""},"tablet":{"background-color":"var(--ast-global-color-4)","background-image":"","background-repeat":"repeat","background-position":"center center","background-size":"auto","background-attachment":"scroll","background-type":"","background-media":"","overlay-type":"","overlay-color":"","overlay-opacity":"","overlay-gradient":""},"mobile":{"background-color":"var(--ast-global-color-4)","background-image":"","background-repeat":"repeat","background-position":"center center","background-size":"auto","background-attachment":"scroll","background-type":"","background-media":"","overlay-type":"","overlay-color":"","overlay-opacity":"","overlay-gradient":""}},"footnotes":""},"class_list":["post-320","page","type-page","status-publish","hentry"],"yoast_head":"<!-- This site is optimized with the Yoast SEO plugin v27.5 - https:\/\/yoast.com\/product\/yoast-seo-wordpress\/ -->\n<title>Nous Contacter - couvreurdijon<\/title>\n<meta name=\"robots\" content=\"index, follow, max-snippet:-1, max-image-preview:large, max-video-preview:-1\" \/>\n<link rel=\"canonical\" href=\"https:\/\/leroy-et-fils.fr\/couvreurdijon\/nous-contacter\/\" \/>\n<meta property=\"og:locale\" content=\"fr_FR\" \/>\n<meta property=\"og:type\" content=\"article\" \/>\n<meta property=\"og:title\" content=\"Nous Contacter - couvreurdijon\" \/>\n<meta property=\"og:description\" content=\"[av_textblock ] DKB Contact Entreprise de Plomberie et d&#8217;Electricit\u00e9 g\u00e9n\u00e9rale 2 avenue du Mar\u00e9chal Fosch Dijon, 21 000 Siret: 81339813800012 [&hellip;]\" \/>\n<meta property=\"og:url\" content=\"https:\/\/leroy-et-fils.fr\/couvreurdijon\/nous-contacter\/\" \/>\n<meta property=\"og:site_name\" content=\"couvreurdijon\" \/>\n<meta property=\"article:modified_time\" content=\"2020-09-25T16:36:21+00:00\" \/>\n<meta property=\"og:image\" content=\"http:\/\/leroy-et-fils.fr\/couvreurdijon\/wp-content\/uploads\/sites\/172\/2016\/07\/serruriertourstelephone2.png\" \/>\n<meta name=\"twitter:card\" content=\"summary_large_image\" \/>\n<meta name=\"twitter:label1\" content=\"Dur\u00e9e de lecture estim\u00e9e\" \/>\n\t<meta name=\"twitter:data1\" content=\"1 minute\" \/>\n<script type=\"application\/ld+json\" class=\"yoast-schema-graph\">{\"@context\":\"https:\\\/\\\/schema.org\",\"@graph\":[{\"@type\":\"WebPage\",\"@id\":\"https:\\\/\\\/leroy-et-fils.fr\\\/couvreurdijon\\\/nous-contacter\\\/\",\"url\":\"https:\\\/\\\/leroy-et-fils.fr\\\/couvreurdijon\\\/nous-contacter\\\/\",\"name\":\"Nous Contacter - couvreurdijon\",\"isPartOf\":{\"@id\":\"https:\\\/\\\/leroy-et-fils.fr\\\/couvreurdijon\\\/#website\"},\"primaryImageOfPage\":{\"@id\":\"https:\\\/\\\/leroy-et-fils.fr\\\/couvreurdijon\\\/nous-contacter\\\/#primaryimage\"},\"image\":{\"@id\":\"https:\\\/\\\/leroy-et-fils.fr\\\/couvreurdijon\\\/nous-contacter\\\/#primaryimage\"},\"thumbnailUrl\":\"http:\\\/\\\/leroy-et-fils.fr\\\/couvreurdijon\\\/wp-content\\\/uploads\\\/sites\\\/172\\\/2016\\\/07\\\/serruriertourstelephone2.png\",\"datePublished\":\"2017-10-30T20:15:43+00:00\",\"dateModified\":\"2020-09-25T16:36:21+00:00\",\"breadcrumb\":{\"@id\":\"https:\\\/\\\/leroy-et-fils.fr\\\/couvreurdijon\\\/nous-contacter\\\/#breadcrumb\"},\"inLanguage\":\"fr-FR\",\"potentialAction\":[{\"@type\":\"ReadAction\",\"target\":[\"https:\\\/\\\/leroy-et-fils.fr\\\/couvreurdijon\\\/nous-contacter\\\/\"]}]},{\"@type\":\"ImageObject\",\"inLanguage\":\"fr-FR\",\"@id\":\"https:\\\/\\\/leroy-et-fils.fr\\\/couvreurdijon\\\/nous-contacter\\\/#primaryimage\",\"url\":\"http:\\\/\\\/leroy-et-fils.fr\\\/couvreurdijon\\\/wp-content\\\/uploads\\\/sites\\\/172\\\/2016\\\/07\\\/serruriertourstelephone2.png\",\"contentUrl\":\"http:\\\/\\\/leroy-et-fils.fr\\\/couvreurdijon\\\/wp-content\\\/uploads\\\/sites\\\/172\\\/2016\\\/07\\\/serruriertourstelephone2.png\"},{\"@type\":\"BreadcrumbList\",\"@id\":\"https:\\\/\\\/leroy-et-fils.fr\\\/couvreurdijon\\\/nous-contacter\\\/#breadcrumb\",\"itemListElement\":[{\"@type\":\"ListItem\",\"position\":1,\"name\":\"Accueil\",\"item\":\"https:\\\/\\\/leroy-et-fils.fr\\\/couvreurdijon\\\/\"},{\"@type\":\"ListItem\",\"position\":2,\"name\":\"Nous Contacter\"}]},{\"@type\":\"WebSite\",\"@id\":\"https:\\\/\\\/leroy-et-fils.fr\\\/couvreurdijon\\\/#website\",\"url\":\"https:\\\/\\\/leroy-et-fils.fr\\\/couvreurdijon\\\/\",\"name\":\"couvreurdijon\",\"description\":\"couvreur \u00e0 Dijon disponible 24h24 7j\\\/7\",\"potentialAction\":[{\"@type\":\"SearchAction\",\"target\":{\"@type\":\"EntryPoint\",\"urlTemplate\":\"https:\\\/\\\/leroy-et-fils.fr\\\/couvreurdijon\\\/?s={search_term_string}\"},\"query-input\":{\"@type\":\"PropertyValueSpecification\",\"valueRequired\":true,\"valueName\":\"search_term_string\"}}],\"inLanguage\":\"fr-FR\"}]}<\/script>\n<!-- \/ Yoast SEO plugin. -->","yoast_head_json":{"title":"Nous Contacter - couvreurdijon","robots":{"index":"index","follow":"follow","max-snippet":"max-snippet:-1","max-image-preview":"max-image-preview:large","max-video-preview":"max-video-preview:-1"},"canonical":"https:\/\/leroy-et-fils.fr\/couvreurdijon\/nous-contacter\/","og_locale":"fr_FR","og_type":"article","og_title":"Nous Contacter - couvreurdijon","og_description":"[av_textblock ] DKB Contact Entreprise de Plomberie et d&#8217;Electricit\u00e9 g\u00e9n\u00e9rale 2 avenue du Mar\u00e9chal Fosch Dijon, 21 000 Siret: 81339813800012 [&hellip;]","og_url":"https:\/\/leroy-et-fils.fr\/couvreurdijon\/nous-contacter\/","og_site_name":"couvreurdijon","article_modified_time":"2020-09-25T16:36:21+00:00","og_image":[{"url":"http:\/\/leroy-et-fils.fr\/couvreurdijon\/wp-content\/uploads\/sites\/172\/2016\/07\/serruriertourstelephone2.png","type":"","width":"","height":""}],"twitter_card":"summary_large_image","twitter_misc":{"Dur\u00e9e de lecture estim\u00e9e":"1 minute"},"schema":{"@context":"https:\/\/schema.org","@graph":[{"@type":"WebPage","@id":"https:\/\/leroy-et-fils.fr\/couvreurdijon\/nous-contacter\/","url":"https:\/\/leroy-et-fils.fr\/couvreurdijon\/nous-contacter\/","name":"Nous Contacter - couvreurdijon","isPartOf":{"@id":"https:\/\/leroy-et-fils.fr\/couvreurdijon\/#website"},"primaryImageOfPage":{"@id":"https:\/\/leroy-et-fils.fr\/couvreurdijon\/nous-contacter\/#primaryimage"},"image":{"@id":"https:\/\/leroy-et-fils.fr\/couvreurdijon\/nous-contacter\/#primaryimage"},"thumbnailUrl":"http:\/\/leroy-et-fils.fr\/couvreurdijon\/wp-content\/uploads\/sites\/172\/2016\/07\/serruriertourstelephone2.png","datePublished":"2017-10-30T20:15:43+00:00","dateModified":"2020-09-25T16:36:21+00:00","breadcrumb":{"@id":"https:\/\/leroy-et-fils.fr\/couvreurdijon\/nous-contacter\/#breadcrumb"},"inLanguage":"fr-FR","potentialAction":[{"@type":"ReadAction","target":["https:\/\/leroy-et-fils.fr\/couvreurdijon\/nous-contacter\/"]}]},{"@type":"ImageObject","inLanguage":"fr-FR","@id":"https:\/\/leroy-et-fils.fr\/couvreurdijon\/nous-contacter\/#primaryimage","url":"http:\/\/leroy-et-fils.fr\/couvreurdijon\/wp-content\/uploads\/sites\/172\/2016\/07\/serruriertourstelephone2.png","contentUrl":"http:\/\/leroy-et-fils.fr\/couvreurdijon\/wp-content\/uploads\/sites\/172\/2016\/07\/serruriertourstelephone2.png"},{"@type":"BreadcrumbList","@id":"https:\/\/leroy-et-fils.fr\/couvreurdijon\/nous-contacter\/#breadcrumb","itemListElement":[{"@type":"ListItem","position":1,"name":"Accueil","item":"https:\/\/leroy-et-fils.fr\/couvreurdijon\/"},{"@type":"ListItem","position":2,"name":"Nous Contacter"}]},{"@type":"WebSite","@id":"https:\/\/leroy-et-fils.fr\/couvreurdijon\/#website","url":"https:\/\/leroy-et-fils.fr\/couvreurdijon\/","name":"couvreurdijon","description":"couvreur \u00e0 Dijon disponible 24h24 7j\/7","potentialAction":[{"@type":"SearchAction","target":{"@type":"EntryPoint","urlTemplate":"https:\/\/leroy-et-fils.fr\/couvreurdijon\/?s={search_term_string}"},"query-input":{"@type":"PropertyValueSpecification","valueRequired":true,"valueName":"search_term_string"}}],"inLanguage":"fr-FR"}]}},"_links":{"self":[{"href":"https:\/\/leroy-et-fils.fr\/couvreurdijon\/wp-json\/wp\/v2\/pages\/320","targetHints":{"allow":["GET"]}}],"collection":[{"href":"https:\/\/leroy-et-fils.fr\/couvreurdijon\/wp-json\/wp\/v2\/pages"}],"about":[{"href":"https:\/\/leroy-et-fils.fr\/couvreurdijon\/wp-json\/wp\/v2\/types\/page"}],"author":[{"embeddable":true,"href":"https:\/\/leroy-et-fils.fr\/couvreurdijon\/wp-json\/wp\/v2\/users\/1"}],"replies":[{"embeddable":true,"href":"https:\/\/leroy-et-fils.fr\/couvreurdijon\/wp-json\/wp\/v2\/comments?post=320"}],"version-history":[{"count":29,"href":"https:\/\/leroy-et-fils.fr\/couvreurdijon\/wp-json\/wp\/v2\/pages\/320\/revisions"}],"predecessor-version":[{"id":626,"href":"https:\/\/leroy-et-fils.fr\/couvreurdijon\/wp-json\/wp\/v2\/pages\/320\/revisions\/626"}],"wp:attachment":[{"href":"https:\/\/leroy-et-fils.fr\/couvreurdijon\/wp-json\/wp\/v2\/media?parent=320"}],"curies":[{"name":"wp","href":"https:\/\/api.w.org\/{rel}","templated":true}]}}